{"id":715,"date":"2025-10-30T18:02:11","date_gmt":"2025-10-30T17:02:11","guid":{"rendered":"https:\/\/chemins.ovh\/?page_id=715"},"modified":"2025-11-29T14:26:43","modified_gmt":"2025-11-29T13:26:43","slug":"2010-05-27","status":"publish","type":"page","link":"https:\/\/chemins.ovh\/?page_id=715","title":{"rendered":"01-10 Jeudi 27 Mai 2010 Conques"},"content":{"rendered":"<p>[et_pb_section fb_built=\u00a0\u00bb1&Prime; _builder_version=\u00a0\u00bb4.24.2&Prime; _module_preset=\u00a0\u00bbdefault\u00a0\u00bb background_color=\u00a0\u00bbrgba(190,244,202,0.95)\u00a0\u00bb background_enable_image=\u00a0\u00bboff\u00a0\u00bb background_size=\u00a0\u00bbcontain\u00a0\u00bb background_position=\u00a0\u00bbtop_center\u00a0\u00bb width=\u00a0\u00bb100%\u00a0\u00bb max_width=\u00a0\u00bb100%\u00a0\u00bb custom_margin=\u00a0\u00bb-20px||||false|false\u00a0\u00bb global_colors_info=\u00a0\u00bb{}\u00a0\u00bb][et_pb_row _builder_version=\u00a0\u00bb4.24.2&Prime; _module_preset=\u00a0\u00bbdefault\u00a0\u00bb background_color=\u00a0\u00bbrgba(190,244,202,0.95)\u00a0\u00bb custom_padding=\u00a0\u00bb||||false|false\u00a0\u00bb global_colors_info=\u00a0\u00bb{}\u00a0\u00bb][et_pb_column type=\u00a0\u00bb4_4&Prime; _builder_version=\u00a0\u00bb4.24.2&Prime; _module_preset=\u00a0\u00bbdefault\u00a0\u00bb global_colors_info=\u00a0\u00bb{}\u00a0\u00bb][et_pb_image src=\u00a0\u00bbhttp:\/\/chemins.ovh\/wp-content\/uploads\/2025\/10\/Conques.jpg\u00a0\u00bb title_text=\u00a0\u00bbConques\u00a0\u00bb _builder_version=\u00a0\u00bb4.24.2&Prime; _module_preset=\u00a0\u00bbdefault\u00a0\u00bb background_color=\u00a0\u00bbrgba(190,244,202,0.95)\u00a0\u00bb custom_margin=\u00a0\u00bb-20px||||false|false\u00a0\u00bb global_colors_info=\u00a0\u00bb{}\u00a0\u00bb][\/et_pb_image][et_pb_text _builder_version=\u00a0\u00bb4.24.2&Prime; _module_preset=\u00a0\u00bbdefault\u00a0\u00bb background_color=\u00a0\u00bbrgba(190,244,202,0.95)\u00a0\u00bb custom_margin=\u00a0\u00bb-10px||-40px||false|false\u00a0\u00bb border_radii=\u00a0\u00bbon|1px|1px|1px|1px\u00a0\u00bb border_width_all=\u00a0\u00bb1px\u00a0\u00bb border_color_all=\u00a0\u00bb#000000&Prime; box_shadow_style=\u00a0\u00bbpreset2&Prime; global_colors_info=\u00a0\u00bb{}\u00a0\u00bb]<\/p>\n<h1 style=\"text-align: center;\"><strong>Jeudi 27 Mai 2010<\/strong><\/h1>\n<p>[\/et_pb_text][\/et_pb_column][\/et_pb_row][\/et_pb_section][et_pb_section fb_built=\u00a0\u00bb1&Prime; _builder_version=\u00a0\u00bb4.24.2&Prime; _module_preset=\u00a0\u00bbdefault\u00a0\u00bb background_color=\u00a0\u00bbrgba(190,244,202,0.95)\u00a0\u00bb custom_margin=\u00a0\u00bb-80px||||false|false\u00a0\u00bb global_colors_info=\u00a0\u00bb{}\u00a0\u00bb][et_pb_row column_structure=\u00a0\u00bb1_3,2_3&Prime; _builder_version=\u00a0\u00bb4.24.2&Prime; _module_preset=\u00a0\u00bbdefault\u00a0\u00bb background_color=\u00a0\u00bbrgba(190,244,202,0.95)\u00a0\u00bb width=\u00a0\u00bb100%\u00a0\u00bb max_width=\u00a0\u00bb1080px\u00a0\u00bb global_colors_info=\u00a0\u00bb{}\u00a0\u00bb][et_pb_column type=\u00a0\u00bb1_3&Prime; _builder_version=\u00a0\u00bb4.24.2&Prime; _module_preset=\u00a0\u00bbdefault\u00a0\u00bb global_colors_info=\u00a0\u00bb{}\u00a0\u00bb][et_pb_gallery gallery_ids=\u00a0\u00bb719,720,721,722,723,724,725,726,727,728,729,730,731,732,733,734,735,736,737,738,739,740,741,742,743,744,745,746,747,748,749,750,751,752,753,754,755,756,757,758,759,760,761,762,763,764,765,766,767,768,769,770&Prime; posts_number=\u00a0\u00bb52&Prime; db_images_per_row=\u00a0\u00bb3&Prime; db_image_max_width=\u00a0\u00bb80%\u00a0\u00bb db_image_max_height=\u00a0\u00bb100%\u00a0\u00bb db_image_row_spacing=\u00a0\u00bb0&Prime; dbdb_version=\u00a0\u00bb4.3.5&Prime; show_pagination=\u00a0\u00bboff\u00a0\u00bb _builder_version=\u00a0\u00bb4.24.2&Prime; _module_preset=\u00a0\u00bbdefault\u00a0\u00bb title_font_size=\u00a0\u00bb12px\u00a0\u00bb module_alignment=\u00a0\u00bbcenter\u00a0\u00bb custom_margin=\u00a0\u00bb2px|||2px|false|false\u00a0\u00bb custom_padding=\u00a0\u00bb||||false|false\u00a0\u00bb border_color_all=\u00a0\u00bb#000000&Prime; box_shadow_style_image=\u00a0\u00bbpreset2&Prime; global_colors_info=\u00a0\u00bb{}\u00a0\u00bb][\/et_pb_gallery][\/et_pb_column][et_pb_column type=\u00a0\u00bb2_3&Prime; _builder_version=\u00a0\u00bb4.24.2&Prime; _module_preset=\u00a0\u00bbdefault\u00a0\u00bb global_colors_info=\u00a0\u00bb{}\u00a0\u00bb][et_pb_text admin_label=\u00a0\u00bb\u00e9tape\u00a0\u00bb _builder_version=\u00a0\u00bb4.24.2&Prime; _module_preset=\u00a0\u00bbdefault\u00a0\u00bb background_color=\u00a0\u00bbrgba(190,244,202,0.95)\u00a0\u00bb border_radii=\u00a0\u00bbon|1px|1px|1px|1px\u00a0\u00bb border_width_all=\u00a0\u00bb1px\u00a0\u00bb box_shadow_style=\u00a0\u00bbpreset2&Prime; global_colors_info=\u00a0\u00bb{}\u00a0\u00bb]<\/p>\n<h1 style=\"text-align: center;\">\u00a0<\/h1>\n<h1 style=\"text-align: center;\"><strong>\u00a09\u00e8me \u00e9tape Conques<\/strong><\/h1>\n<p>[\/et_pb_text][et_pb_text admin_label=\u00a0\u00bbGolinhac (Massip)\u00a0\u00bb _builder_version=\u00a0\u00bb4.24.2&Prime; _module_preset=\u00a0\u00bbdefault\u00a0\u00bb text_font=\u00a0\u00bb|600|||||||\u00a0\u00bb text_text_color=\u00a0\u00bb#000000&Prime; text_font_size=\u00a0\u00bb16px\u00a0\u00bb header_text_align=\u00a0\u00bbjustify\u00a0\u00bb header_text_color=\u00a0\u00bb#000000&Prime; background_color=\u00a0\u00bbrgba(190,244,202,0.95)\u00a0\u00bb text_orientation=\u00a0\u00bbjustified\u00a0\u00bb custom_margin=\u00a0\u00bb||||false|false\u00a0\u00bb custom_padding=\u00a0\u00bb10px|10px|10px|10px|false|false\u00a0\u00bb border_radii=\u00a0\u00bbon|1px|1px|1px|1px\u00a0\u00bb border_width_all=\u00a0\u00bb1px\u00a0\u00bb border_color_all=\u00a0\u00bb#000000&Prime; box_shadow_style=\u00a0\u00bbpreset2&Prime; global_colors_info=\u00a0\u00bb{}\u00a0\u00bb]<\/p>\n<p>Jeudi 27 Mai 2010<\/p>\n<p>Kilom\u00e9trage : 23 kms\u00a0\u00a0\u00a0\u00a0\u00a0\u00a0\u00a0\u00a0\u00a0 H\u00e9bergement : Abbaye de Ste Foy \u00e0 Conques<\/p>\n<p>Nous partons du g\u00eete de l\u2019Or\u00e9e du Chemin \u00e0 7 H 50, les ampoules ne s\u2019arrangent pas mais ce n\u2019est pas pire.<\/p>\n<p>Nous commen\u00e7ons par une grimpette en for\u00eat par un petit sentier pour arriver sur une route goudronn\u00e9e. Ensuite nous alternons, chemins, routes. Nous prenons un caf\u00e9 en route, caf\u00e9 pr\u00e9par\u00e9 par un villageois et pour\u00a0\u00a0lequel nous laissons quelques pi\u00e8ces. Juste avant d&rsquo;arriver \u00e0 Senergues, nous essuyons notre 1\u00e8re pluie. Le temps d&rsquo;enfiler les blousons,\u00a0plus de pluie.<\/p>\n<p>A Senergues, petite visite \u00e0 l&rsquo;\u00e9glise massive presque trapue, et aubaine devant nous une petite auberge. Les plats ne sont pas tr\u00e8s chers mais pour ne pas perdre trop de temps, nous pr\u00e9f\u00e9rons opter pour des sandwichs. Bon choix, les sandwichs sont \u00e9normes, de quoi bien caler les estomacs. Passons un village o\u00f9 se trouve un grand mat avec diff\u00e9rents objets et fleurs, une dame nous explique que les jeunes gens quand ils se marient enterrent leurs vies de gar\u00e7ons et dressent un mat.<\/p>\n<p>Nous arrivons \u00e0 Golinhac, sur la place o\u00f9 nous rencontrons quelques p\u00e8lerins des diff\u00e9rentes \u00e9tapes.\u00a0 Nous visitons l\u2019\u00e9glise d\u00e9di\u00e9e \u00e0 St Martin. Nous reprenons la route et nous ne nous arr\u00eaterons plus avant S\u00e9nergues (506 m),\u00a0petit village tranquille. Nous faisons une pause au bistrot du village, face \u00e0 l\u2019\u00e9glise pour manger une grosse tartine au p\u00e2t\u00e9 du pays. En reprenant la route, nous nous apercevons qu\u2019\u00e0 la sortie du village, il existe un grand abri p\u00e8lerin avec tables, bancs tout neuf. La route ensuite grimpe et suit un chemin de croix. Arriv\u00e9s en haut du sentier, il y a une petite chapelle.<\/p>\n<p>Nous poursuivons et nous traversons la commune de St Marcel. A partir de l\u00e0, le sentier va devenir plus \u00e9troit et descendre sur Conques. Ce sentier est long et ombrag\u00e9, plein de pierres. Difficile \u00e0 descendre quand on a mal aux pieds. Nous arrivons sur Conques (280 m) sans avoir vu\u00a0le village. Il est devant nous \u00e0 la fin du chemin.<\/p>\n<p>Conques est un des plus beaux villages rencontr\u00e9s, nous descendons dans le village pour atteindre l\u2019abbatiale. Nous nous arr\u00eaterons \u00e0 l\u2019Abbaye Ste Foy. D\u00e9j\u00e0 beaucoup de p\u00e8lerins sont arriv\u00e9s et attendent qu\u2019on le leur d\u00e9signe leur \u00a0\u00a0\u00a0chambre. Nous devons retirer les chaussures et les laisser sur des \u00e9tag\u00e8res dans une cour int\u00e9rieure. Nous avons la chance d\u2019avoir retenu notre chambre assez longtemps \u00e0 l\u2019avance car il n\u2019y en a pas beaucoup, ce sont en g\u00e9n\u00e9ral des dortoirs, nous sommes install\u00e9s juste derri\u00e8re l\u2019abbatiale, nous avons douche, et wc \u00e0 l\u2019int\u00e9rieur de la chambre. Apr\u00e8s avoir pris une douche, nous allons nous balader dans Conques.<\/p>\n<p>Beaucoup de choses \u00e0 voir, les rues pav\u00e9es \u00e0 l\u2019ancienne, l\u2019abbatiale construite au IXe pour abriter les reliques de Ste Foy est une \u00e9tape incontournable. Elle est reconstruite au XI et XII\u00e8me si\u00e8cle selon le plan des \u00e9glises de p\u00e8lerinage. Au dessus du portail, le tympan est l\u2019un des plus importants de l\u2019art roman. Il a \u00e9t\u00e9 sculpt\u00e9 sur le th\u00e8me du jugement dernier (1130-1135). Le repas du soir se passe au r\u00e9fectoire avec tous les p\u00e8lerins arriv\u00e9s ce jour l\u00e0, les uns terminant le tron\u00e7on \u00ab Le Puy \/ Conques \u00bb, les autres reprenant l\u00e0 o\u00f9 ils s\u2019\u00e9taient arr\u00eat\u00e9s pr\u00e9c\u00e9demment ou encore certains continuant leur marche d\u00e9marr\u00e9e au Puy. Apr\u00e8s le repas, le p\u00e8re Jean-Daniel nous invite \u00e0 la messe du soir avec b\u00e9n\u00e9diction des p\u00e8lerins et concert d\u2019orgue dans l\u2019abbatiale. Avant la messe, il nous donne toutes les explications concernant le tympan, les vitraux de l\u2019abbatiale de Pierre Soulages. Nous allons nous coucher et d\u00e9cidons que nous prolongerons le parcours tant que les pieds d&rsquo;Andr\u00e9e pourront le supporter. L\u2019\u00e9tape suivante est Livinhac mais sans r\u00e9servation.<\/p>\n<p>&nbsp;<\/p>\n<p>[\/et_pb_text][et_pb_gallery posts_number=\u00a0\u00bb10&Prime; db_images_per_row=\u00a0\u00bb4&Prime; db_image_max_width=\u00a0\u00bb80%\u00a0\u00bb db_image_max_height=\u00a0\u00bb100%\u00a0\u00bb db_image_row_spacing=\u00a0\u00bb0&Prime; dbdb_version=\u00a0\u00bb4.3.5&Prime; show_pagination=\u00a0\u00bboff\u00a0\u00bb _builder_version=\u00a0\u00bb4.24.2&Prime; _module_preset=\u00a0\u00bbdefault\u00a0\u00bb title_font_size=\u00a0\u00bb12px\u00a0\u00bb module_alignment=\u00a0\u00bbcenter\u00a0\u00bb custom_margin=\u00a0\u00bb2px|||2px|false|false\u00a0\u00bb custom_padding=\u00a0\u00bb||||false|false\u00a0\u00bb border_color_all=\u00a0\u00bb#000000&Prime; box_shadow_style_image=\u00a0\u00bbpreset2&Prime; global_colors_info=\u00a0\u00bb{}\u00a0\u00bb][\/et_pb_gallery][\/et_pb_column][\/et_pb_row][\/et_pb_section]<\/p>\n","protected":false},"excerpt":{"rendered":"<p>Jeudi 27 Mai 2010\u00a0 \u00a09\u00e8me \u00e9tape ConquesJeudi 27 Mai 2010 Kilom\u00e9trage : 23 kms\u00a0\u00a0\u00a0\u00a0\u00a0\u00a0\u00a0\u00a0\u00a0 H\u00e9bergement : Abbaye de Ste Foy \u00e0 Conques Nous partons du g\u00eete de l\u2019Or\u00e9e du Chemin \u00e0 7 H 50, les ampoules ne s\u2019arrangent pas mais ce n\u2019est pas pire. Nous commen\u00e7ons par une grimpette en for\u00eat par un petit sentier [&hellip;]<\/p>\n","protected":false},"author":1,"featured_media":0,"parent":0,"menu_order":0,"comment_status":"closed","ping_status":"closed","template":"","meta":{"_et_pb_use_builder":"on","_et_pb_old_content":"<p>Jeudi 27 Mai 2010<\/p><p>Kilom\u00e9trage : 23 kms\u00a0\u00a0\u00a0\u00a0\u00a0\u00a0\u00a0\u00a0\u00a0 H\u00e9bergement : Abbaye de Ste Foy \u00e0 Conques<\/p><p>Nous partons du g\u00eete de l\u2019Or\u00e9e du Chemin \u00e0 7 H 50, les ampoules ne s\u2019arrangent pas mais ce n\u2019est pas pire. Nous commen\u00e7ons par une grimpette en for\u00eat par un petit sentier pour arriver sur une route goudronn\u00e9e. Ensuite nous alternons, chemins, routes. Nous prenons un caf\u00e9 en route, caf\u00e9 pr\u00e9par\u00e9 par un villageois et pour\u00a0\u00a0lequel nous laissons quelques pi\u00e8ces. Juste avant d'arriver \u00e0 Senergues, nous essuyons notre 1\u00e8re pluie. Le temps d'enfiler les blousons,\u00a0plus de pluie. A Senergues, petite visite \u00e0 l'\u00e9glise massive presque trapue, et aubaine devant nous une petite auberge. Les plats ne sont pas tr\u00e8s chers mais pour ne pas perdre trop de temps, nous pr\u00e9f\u00e9rons opter pour des sandwichs. Bon choix, les sandwichs sont \u00e9normes, de quoi bien caler les estomacs. Passons un village o\u00f9 se trouve un grand mat avec diff\u00e9rents objets et fleurs, une dame nous explique que les jeunes gens quand ils se marient enterrent leurs vies de gar\u00e7ons et dressent un mat. Nous arrivons \u00e0 Golinhac, sur la place o\u00f9 nous rencontrons quelques p\u00e8lerins des diff\u00e9rentes \u00e9tapes.\u00a0 Nous visitons l\u2019\u00e9glise d\u00e9di\u00e9e \u00e0 St Martin. Nous reprenons la route et nous ne nous arr\u00eaterons plus avant S\u00e9nergues (506 m),\u00a0petit village tranquille. Nous faisons une pause au bistrot du village, face \u00e0 l\u2019\u00e9glise pour manger une grosse tartine au p\u00e2t\u00e9 du pays. En reprenant la route, nous nous apercevons qu\u2019\u00e0 la sortie du village, il existe un grand abri p\u00e8lerin avec tables, bancs tout neuf. La route ensuite grimpe et suit un chemin de croix. Arriv\u00e9s en haut du sentier, il y a une petite chapelle. Nous poursuivons et nous traversons la commune de St Marcel. A partir de l\u00e0, le sentier va devenir plus \u00e9troit et descendre sur Conques. Ce sentier est long et ombrag\u00e9, plein de pierres. Difficile \u00e0 descendre quand on a mal aux pieds. Nous arrivons sur Conques (280 m) sans avoir vu\u00a0le village. Il est devant nous \u00e0 la fin du chemin. Conques est un des plus beaux villages rencontr\u00e9s, nous descendons dans le village pour atteindre l\u2019abbatiale. Nous nous arr\u00eaterons \u00e0 l\u2019Abbaye Ste Foy. D\u00e9j\u00e0 beaucoup de p\u00e8lerins sont arriv\u00e9s et attendent qu\u2019on le leur d\u00e9signe leur \u00a0\u00a0\u00a0chambre. Nous devons retirer les chaussures et les laisser sur des \u00e9tag\u00e8res dans une cour int\u00e9rieure. Nous avons la chance d\u2019avoir retenu notre chambre assez longtemps \u00e0 l\u2019avance car il n\u2019y en a pas beaucoup, ce sont en g\u00e9n\u00e9ral des dortoirs, nous sommes install\u00e9s juste derri\u00e8re l\u2019abbatiale, nous avons douche, et wc \u00e0 l\u2019int\u00e9rieur de la chambre. Apr\u00e8s avoir pris une douche, nous allons nous balader dans Conques. Beaucoup de choses \u00e0 voir, les rues pav\u00e9es \u00e0 l\u2019ancienne, l\u2019abbatiale construite au IXe pour abriter les reliques de Ste Foy est une \u00e9tape incontournable. Elle est reconstruite au XI et XII\u00e8me si\u00e8cle selon le plan des \u00e9glises de p\u00e8lerinage. Au dessus du portail, le tympan est l\u2019un des plus importants de l\u2019art roman. Il a \u00e9t\u00e9 sculpt\u00e9 sur le th\u00e8me du jugement dernier (1130-1135). Le repas du soir se passe au r\u00e9fectoire avec tous les p\u00e8lerins arriv\u00e9s ce jour l\u00e0, les uns terminant le tron\u00e7on \u00ab\u00a0Le Puy \/ Conques\u00a0\u00bb, les autres reprenant l\u00e0 o\u00f9 ils s\u2019\u00e9taient arr\u00eat\u00e9s pr\u00e9c\u00e9demment ou encore certains continuant leur marche d\u00e9marr\u00e9e au Puy. Apr\u00e8s le repas, le p\u00e8re Jean-Daniel nous invite \u00e0 la messe du soir avec b\u00e9n\u00e9diction des p\u00e8lerins et concert d\u2019orgue dans l\u2019abbatiale. Avant la messe, il nous donne toutes les explications concernant le tympan, les vitraux de l\u2019abbatiale de Pierre Soulages. Nous allons nous coucher et d\u00e9cidons que nous prolongerons le parcours tant que les pieds d'Andr\u00e9e pourront le supporter. L\u2019\u00e9tape suivante est\u00a0Livinhac mais sans r\u00e9servation.<\/p><p>\u00a0<\/p>","_et_gb_content_width":"","footnotes":""},"class_list":["post-715","page","type-page","status-publish","hentry"],"_links":{"self":[{"href":"https:\/\/chemins.ovh\/index.php?rest_route=\/wp\/v2\/pages\/715","targetHints":{"allow":["GET"]}}],"collection":[{"href":"https:\/\/chemins.ovh\/index.php?rest_route=\/wp\/v2\/pages"}],"about":[{"href":"https:\/\/chemins.ovh\/index.php?rest_route=\/wp\/v2\/types\/page"}],"author":[{"embeddable":true,"href":"https:\/\/chemins.ovh\/index.php?rest_route=\/wp\/v2\/users\/1"}],"replies":[{"embeddable":true,"href":"https:\/\/chemins.ovh\/index.php?rest_route=%2Fwp%2Fv2%2Fcomments&post=715"}],"version-history":[{"count":33,"href":"https:\/\/chemins.ovh\/index.php?rest_route=\/wp\/v2\/pages\/715\/revisions"}],"predecessor-version":[{"id":1405,"href":"https:\/\/chemins.ovh\/index.php?rest_route=\/wp\/v2\/pages\/715\/revisions\/1405"}],"wp:attachment":[{"href":"https:\/\/chemins.ovh\/index.php?rest_route=%2Fwp%2Fv2%2Fmedia&parent=715"}],"curies":[{"name":"wp","href":"https:\/\/api.w.org\/{rel}","templated":true}]}}