{"id":504,"date":"2025-10-29T14:44:30","date_gmt":"2025-10-29T13:44:30","guid":{"rendered":"https:\/\/chemins.ovh\/?page_id=504"},"modified":"2025-11-29T14:25:50","modified_gmt":"2025-11-29T13:25:50","slug":"2010-05-23","status":"publish","type":"page","link":"https:\/\/chemins.ovh\/?page_id=504","title":{"rendered":"01-06 Dimanche 23 Mai 2010 Finierols"},"content":{"rendered":"<p>[et_pb_section fb_built=\u00a0\u00bb1&Prime; _builder_version=\u00a0\u00bb4.24.2&Prime; _module_preset=\u00a0\u00bbdefault\u00a0\u00bb background_color=\u00a0\u00bbrgba(190,244,202,0.95)\u00a0\u00bb background_enable_image=\u00a0\u00bboff\u00a0\u00bb background_size=\u00a0\u00bbcontain\u00a0\u00bb background_position=\u00a0\u00bbtop_center\u00a0\u00bb width=\u00a0\u00bb100%\u00a0\u00bb max_width=\u00a0\u00bb100%\u00a0\u00bb custom_margin=\u00a0\u00bb-20px||||false|false\u00a0\u00bb global_colors_info=\u00a0\u00bb{}\u00a0\u00bb][et_pb_row column_structure=\u00a0\u00bb1_4,3_4&Prime; _builder_version=\u00a0\u00bb4.24.2&Prime; _module_preset=\u00a0\u00bbdefault\u00a0\u00bb background_color=\u00a0\u00bbrgba(190,244,202,0.95)\u00a0\u00bb custom_padding=\u00a0\u00bb||||false|false\u00a0\u00bb global_colors_info=\u00a0\u00bb{}\u00a0\u00bb][et_pb_column type=\u00a0\u00bb1_4&Prime; _builder_version=\u00a0\u00bb4.24.2&Prime; _module_preset=\u00a0\u00bbdefault\u00a0\u00bb global_colors_info=\u00a0\u00bb{}\u00a0\u00bb][et_pb_image src=\u00a0\u00bbhttp:\/\/chemins.ovh\/wp-content\/uploads\/2025\/10\/pelerin-vert-5.png\u00a0\u00bb title_text=\u00a0\u00bbpelerin-vert-5&Prime; _builder_version=\u00a0\u00bb4.24.2&Prime; _module_preset=\u00a0\u00bbdefault\u00a0\u00bb animation_style=\u00a0\u00bbslide\u00a0\u00bb animation_direction=\u00a0\u00bbleft\u00a0\u00bb animation_duration=\u00a0\u00bb2000ms\u00a0\u00bb animation_speed_curve=\u00a0\u00bbease-in\u00a0\u00bb global_colors_info=\u00a0\u00bb{}\u00a0\u00bb][\/et_pb_image][\/et_pb_column][et_pb_column type=\u00a0\u00bb3_4&Prime; _builder_version=\u00a0\u00bb4.24.2&Prime; _module_preset=\u00a0\u00bbdefault\u00a0\u00bb global_colors_info=\u00a0\u00bb{}\u00a0\u00bb][et_pb_image src=\u00a0\u00bbhttp:\/\/chemins.ovh\/wp-content\/uploads\/2025\/10\/Finieyrols.jpg\u00a0\u00bb title_text=\u00a0\u00bbFinieyrols\u00a0\u00bb _builder_version=\u00a0\u00bb4.24.2&Prime; _module_preset=\u00a0\u00bbdefault\u00a0\u00bb background_color=\u00a0\u00bbrgba(190,244,202,0.95)\u00a0\u00bb custom_margin=\u00a0\u00bb-20px||||false|false\u00a0\u00bb global_colors_info=\u00a0\u00bb{}\u00a0\u00bb][\/et_pb_image][et_pb_text _builder_version=\u00a0\u00bb4.24.2&Prime; _module_preset=\u00a0\u00bbdefault\u00a0\u00bb background_color=\u00a0\u00bbrgba(190,244,202,0.95)\u00a0\u00bb custom_margin=\u00a0\u00bb-10px||-40px||false|false\u00a0\u00bb border_radii=\u00a0\u00bbon|1px|1px|1px|1px\u00a0\u00bb border_width_all=\u00a0\u00bb1px\u00a0\u00bb border_color_all=\u00a0\u00bb#000000&Prime; box_shadow_style=\u00a0\u00bbpreset2&Prime; global_colors_info=\u00a0\u00bb{}\u00a0\u00bb]<\/p>\n<h1 style=\"text-align: center;\"><strong>Dimanche 23 Mai 2010<\/strong><\/h1>\n<p>[\/et_pb_text][\/et_pb_column][\/et_pb_row][\/et_pb_section][et_pb_section fb_built=\u00a0\u00bb1&Prime; _builder_version=\u00a0\u00bb4.24.2&Prime; _module_preset=\u00a0\u00bbdefault\u00a0\u00bb background_color=\u00a0\u00bbrgba(190,244,202,0.95)\u00a0\u00bb custom_margin=\u00a0\u00bb-80px||||false|false\u00a0\u00bb global_colors_info=\u00a0\u00bb{}\u00a0\u00bb][et_pb_row column_structure=\u00a0\u00bb1_3,2_3&Prime; _builder_version=\u00a0\u00bb4.24.2&Prime; _module_preset=\u00a0\u00bbdefault\u00a0\u00bb background_color=\u00a0\u00bbrgba(190,244,202,0.95)\u00a0\u00bb width=\u00a0\u00bb100%\u00a0\u00bb max_width=\u00a0\u00bb1080px\u00a0\u00bb global_colors_info=\u00a0\u00bb{}\u00a0\u00bb][et_pb_column type=\u00a0\u00bb1_3&Prime; _builder_version=\u00a0\u00bb4.24.2&Prime; _module_preset=\u00a0\u00bbdefault\u00a0\u00bb global_colors_info=\u00a0\u00bb{}\u00a0\u00bb][et_pb_gallery gallery_ids=\u00a0\u00bb508,509,510,511,512,513,514,515,516,517,518,519,520,521,522,523,524,525&Prime; posts_number=\u00a0\u00bb18&Prime; db_images_per_row=\u00a0\u00bb2&Prime; db_image_max_width=\u00a0\u00bb80%\u00a0\u00bb db_image_max_height=\u00a0\u00bb100%\u00a0\u00bb db_image_row_spacing=\u00a0\u00bb0&Prime; dbdb_version=\u00a0\u00bb4.3.5&Prime; show_pagination=\u00a0\u00bboff\u00a0\u00bb _builder_version=\u00a0\u00bb4.24.2&Prime; _module_preset=\u00a0\u00bbdefault\u00a0\u00bb title_font_size=\u00a0\u00bb12px\u00a0\u00bb background_color=\u00a0\u00bbrgba(190,244,202,0.95)\u00a0\u00bb module_alignment=\u00a0\u00bbcenter\u00a0\u00bb custom_margin=\u00a0\u00bb2px|||2px|false|false\u00a0\u00bb custom_padding=\u00a0\u00bb||||false|false\u00a0\u00bb box_shadow_style_image=\u00a0\u00bbpreset2&Prime; global_colors_info=\u00a0\u00bb{}\u00a0\u00bb][\/et_pb_gallery][\/et_pb_column][et_pb_column type=\u00a0\u00bb2_3&Prime; _builder_version=\u00a0\u00bb4.24.2&Prime; _module_preset=\u00a0\u00bbdefault\u00a0\u00bb global_colors_info=\u00a0\u00bb{}\u00a0\u00bb][et_pb_text admin_label=\u00a0\u00bb\u00e9tape\u00a0\u00bb _builder_version=\u00a0\u00bb4.24.2&Prime; _module_preset=\u00a0\u00bbdefault\u00a0\u00bb background_color=\u00a0\u00bbrgba(190,244,202,0.95)\u00a0\u00bb border_radii=\u00a0\u00bbon|1px|1px|1px|1px\u00a0\u00bb border_width_all=\u00a0\u00bb1px\u00a0\u00bb box_shadow_style=\u00a0\u00bbpreset2&Prime; global_colors_info=\u00a0\u00bb{}\u00a0\u00bb]<\/p>\n<h1 style=\"text-align: center;\">\u00a0<\/h1>\n<h1 style=\"text-align: center;\"><strong>\u00a05\u00e8me \u00e9tape Finieyrols<\/strong><\/h1>\n<p>[\/et_pb_text][et_pb_text admin_label=\u00a0\u00bbfinieyrols\u00a0\u00bb _builder_version=\u00a0\u00bb4.24.2&Prime; _module_preset=\u00a0\u00bbdefault\u00a0\u00bb text_font=\u00a0\u00bb|600|||||||\u00a0\u00bb text_text_color=\u00a0\u00bb#000000&Prime; text_font_size=\u00a0\u00bb16px\u00a0\u00bb background_color=\u00a0\u00bbrgba(190,244,202,0.95)\u00a0\u00bb text_orientation=\u00a0\u00bbjustified\u00a0\u00bb custom_margin=\u00a0\u00bb||||false|false\u00a0\u00bb custom_padding=\u00a0\u00bb10px|10px|10px|10px|false|false\u00a0\u00bb border_radii=\u00a0\u00bbon|1px|1px|1px|1px\u00a0\u00bb border_width_all=\u00a0\u00bb1px\u00a0\u00bb border_color_all=\u00a0\u00bb#000000&Prime; box_shadow_style=\u00a0\u00bbpreset2&Prime; global_colors_info=\u00a0\u00bb{}\u00a0\u00bb]<\/p>\n<p>Kilom\u00e9trage : 22,5 kms\u00a0\u00a0\u00a0\u00a0\u00a0\u00a0\u00a0\u00a0\u00a0 H\u00e9bergement : G\u00eete des Gentianes \u00e0 Finieyrols<\/p>\n<p>D\u00e9part des Estrets vers 8 H,\u00a0 beau soleil mais pas tr\u00e8s chaud, il a fait\u00a0-1\u00b0\u00a0la nuit. Avant de quitter les Estrets, nous passons par l\u2019\u00e9glise, photographier le clocher mur \u00e0 deux arcatures. Chemin au d\u00e9part d\u00e9fonc\u00e9 par des orni\u00e8res ensuite plus agr\u00e9able parmi les pins. Le soleil brille et le ciel est d&rsquo;un bleu profond uniforme. Les paysages sont magnifiques. Nous nous dirigeons vers Aumont Aubrac (1050 m).<\/p>\n<p>A l\u2019entr\u00e9e d\u2019Aumont Aubrac, nous rencontrons un couple de N\u00eemes venu pour la transhumance, il nous questionne sur notre parcours. Il nous explique avoir fait Le Puy en Velay Compostelle en trois fois 34 jours. Il trouve plus int\u00e9ressant de le faire en couple plut\u00f4t qu\u2019en groupe. Ils nous quittent non sans\u00a0nous avoir souhait\u00e9 un bon chemin, nous rejoignons l\u2019\u00e9glise qui carillonne pour la messe de Pentec\u00f4te. Il y a beaucoup de monde. Nous nous arr\u00eatons sur la place pour prendre du pain et boire une limonade face \u00e0 la fontaine surmont\u00e9e d\u2019un taureau de bronze.<\/p>\n<p>Nous reprenons la route qui grimpe vers les hauteurs d\u2019Aumont Aubrac et prenons un chemin entre deux cl\u00f4tures, chemin qui monte assez bien. Ensuite il se poursuit en for\u00eat puis sur la route, le paysage est diff\u00e9rent. Nous continuons jusque Chaze de Peyre (1040 m) o\u00f9 nous d\u00e9jeunons au pied du monument aux morts. Nous\u00a0trouvons un super coin avec\u00a0un banc sous les arbres mais la m\u00e9m\u00e9 du groupe de Maubeuge, charg\u00e9e du pique nique est arriv\u00e9e et s\u2019est impos\u00e9e sur place sans un mot, ni un semblant d\u2019excuse . Apr\u00e8s le repas, nous avons visit\u00e9 l\u2019\u00e9glise toute proche compos\u00e9e de la chapelle gothique de 1522, la nef remani\u00e9e en 1728 apr\u00e8s effondrement du clocher et reconstruite en 1852, portail moderne, abside semi-circulaire \u00e0 modillons sculpt\u00e9s avec t\u00eates d\u2019hommes et animaux.<\/p>\n<p>Egalement un four communal face \u00e0 l\u2019\u00e9glise. Par contre nous avons loup\u00e9 deux croix l\u2019une du d\u00e9but XVIIIe avec sur la face, le christ et au dos la vierge. L\u2019autre croix, du XIXe plus grande en trois corps \u00e9gaux. Nous reprenons la route qui descend un peu vers la Chapelle de Bastide appel\u00e9e aussi \u00ab\u00a0La Chapelette\u00a0\u00bb, cette chapelle a port\u00e9 successivement les noms de la Trinit\u00e9, Ste Croix, Notre Dame de la Salette. Direction ensuite vers les 4 Chemins par un sentier de for\u00eat, il est \u00e9troit et tr\u00e8s mar\u00e9cageux, violettes, narcisses jaunes et blanches fleurissent dans les pr\u00e9s. Pr\u00e8s d&rsquo;une retenue d&rsquo;eau, panneau de\u00a0 mise en garde des vip\u00e8res. La 1\u00e8re rencontr\u00e9e est morte.<\/p>\n<p>Nous prenons une photo du moulin de la folle (1156 m), endroit tr\u00e8s connu. En chemin, Andr\u00e9e rep\u00e8re des an\u00e9mones pulsatiles (encore appel\u00e9e pantalon de coucou).Nous cheminons entre des murets en grosse pierre s\u00e8ches caract\u00e9ristiques de l&rsquo;Aubrac.\u00a0Au passage un coup d&rsquo;oeil aux magnifiques vaches de la race Aubrac qui paissent leurs yeux bord\u00e9s de Khol indiff\u00e9rentes au passage des p\u00e8lerins. Le chemin se poursuit vers le g\u00eete des Gentianes (1192 m) o\u00f9 nous\u00a0nous arr\u00eatons pour la nuit.<\/p>\n<p>Cette journ\u00e9e tr\u00e8s ensoleill\u00e9e se termine aux Gentianes avec au menu du soir le fameux Aligot, sp\u00e9cialit\u00e9 de la r\u00e9gion. A table, nous sommes avec Nicole, la bretonne qui marche seule et nous faisons connaissance avec un belge. Nous n\u2019avons pas retenu le pr\u00e9nom de ce belge car il est particulier. Il a essay\u00e9 de le faire prononcer par Nicole, comme elle n&rsquo;y parvient pas elle le baptise Ewok.\u00a0Dans la conversation, il nous dit connaitre Wervicq et \u00eatre d\u00e9j\u00e0 venu faire un petit film au pont de Wervik. Il \u00e9tait ravi car dit-il \u00ab\u00a0je passe le pont fronti\u00e8re et je peux me dire, je suis \u00e0 l&rsquo;\u00e9tranger\u00a0\u00bb. Nous nous rendons compte qu&rsquo;il a une peur irr\u00e9pressible des chiens. M\u00eame le fait d&rsquo;en parler le met mal \u00e0 l&rsquo;aise et il pr\u00e9f\u00e8re se lever de table.<\/p>\n<p>Impression\u00a0: Journ\u00e9e marqu\u00e9e par un changement de paysage, bois\u00e9, vallonn\u00e9, tr\u00e8s beau dans sa rusticit\u00e9. Et il se termine par une tr\u00e8s agr\u00e9able soir\u00e9e.<\/p>\n<p>[\/et_pb_text][et_pb_gallery gallery_ids=\u00a0\u00bb526,527,528,529,530,531,532,533,534,535,536,537,538,539,540,541,542&Prime; posts_number=\u00a0\u00bb17&Prime; db_images_per_row=\u00a0\u00bb4&Prime; db_image_max_width=\u00a0\u00bb80%\u00a0\u00bb db_image_max_height=\u00a0\u00bb100%\u00a0\u00bb db_image_row_spacing=\u00a0\u00bb0&Prime; dbdb_version=\u00a0\u00bb4.3.5&Prime; show_pagination=\u00a0\u00bboff\u00a0\u00bb _builder_version=\u00a0\u00bb4.24.2&Prime; _module_preset=\u00a0\u00bbdefault\u00a0\u00bb title_font_size=\u00a0\u00bb12px\u00a0\u00bb module_alignment=\u00a0\u00bbcenter\u00a0\u00bb custom_margin=\u00a0\u00bb2px|||2px|false|false\u00a0\u00bb custom_padding=\u00a0\u00bb||||false|false\u00a0\u00bb border_color_all=\u00a0\u00bb#000000&Prime; box_shadow_style_image=\u00a0\u00bbpreset2&Prime; global_colors_info=\u00a0\u00bb{}\u00a0\u00bb][\/et_pb_gallery][\/et_pb_column][\/et_pb_row][\/et_pb_section]<\/p>\n","protected":false},"excerpt":{"rendered":"<p>Dimanche 23 Mai 2010\u00a0 \u00a05\u00e8me \u00e9tape FinieyrolsKilom\u00e9trage : 22,5 kms\u00a0\u00a0\u00a0\u00a0\u00a0\u00a0\u00a0\u00a0\u00a0 H\u00e9bergement : G\u00eete des Gentianes \u00e0 Finieyrols D\u00e9part des Estrets vers 8 H,\u00a0 beau soleil mais pas tr\u00e8s chaud, il a fait\u00a0-1\u00b0\u00a0la nuit. Avant de quitter les Estrets, nous passons par l\u2019\u00e9glise, photographier le clocher mur \u00e0 deux arcatures. Chemin au d\u00e9part d\u00e9fonc\u00e9 par des [&hellip;]<\/p>\n","protected":false},"author":1,"featured_media":0,"parent":0,"menu_order":0,"comment_status":"closed","ping_status":"closed","template":"","meta":{"_et_pb_use_builder":"on","_et_pb_old_content":"","_et_gb_content_width":"","footnotes":""},"class_list":["post-504","page","type-page","status-publish","hentry"],"_links":{"self":[{"href":"https:\/\/chemins.ovh\/index.php?rest_route=\/wp\/v2\/pages\/504","targetHints":{"allow":["GET"]}}],"collection":[{"href":"https:\/\/chemins.ovh\/index.php?rest_route=\/wp\/v2\/pages"}],"about":[{"href":"https:\/\/chemins.ovh\/index.php?rest_route=\/wp\/v2\/types\/page"}],"author":[{"embeddable":true,"href":"https:\/\/chemins.ovh\/index.php?rest_route=\/wp\/v2\/users\/1"}],"replies":[{"embeddable":true,"href":"https:\/\/chemins.ovh\/index.php?rest_route=%2Fwp%2Fv2%2Fcomments&post=504"}],"version-history":[{"count":17,"href":"https:\/\/chemins.ovh\/index.php?rest_route=\/wp\/v2\/pages\/504\/revisions"}],"predecessor-version":[{"id":1401,"href":"https:\/\/chemins.ovh\/index.php?rest_route=\/wp\/v2\/pages\/504\/revisions\/1401"}],"wp:attachment":[{"href":"https:\/\/chemins.ovh\/index.php?rest_route=%2Fwp%2Fv2%2Fmedia&parent=504"}],"curies":[{"name":"wp","href":"https:\/\/api.w.org\/{rel}","templated":true}]}}