{"id":426,"date":"2025-10-29T11:11:25","date_gmt":"2025-10-29T10:11:25","guid":{"rendered":"https:\/\/chemins.ovh\/?page_id=426"},"modified":"2025-11-29T14:25:35","modified_gmt":"2025-11-29T13:25:35","slug":"2010-05-21","status":"publish","type":"page","link":"https:\/\/chemins.ovh\/?page_id=426","title":{"rendered":"01-04 Vendredi 21 Mai 2010 Villeret d&rsquo;Apcher"},"content":{"rendered":"<p>[et_pb_section fb_built=\u00a0\u00bb1&Prime; _builder_version=\u00a0\u00bb4.24.2&Prime; _module_preset=\u00a0\u00bbdefault\u00a0\u00bb background_color=\u00a0\u00bbrgba(190,244,202,0.95)\u00a0\u00bb background_enable_image=\u00a0\u00bboff\u00a0\u00bb background_size=\u00a0\u00bbcontain\u00a0\u00bb background_position=\u00a0\u00bbtop_center\u00a0\u00bb width=\u00a0\u00bb100%\u00a0\u00bb max_width=\u00a0\u00bb100%\u00a0\u00bb custom_margin=\u00a0\u00bb-20px||||false|false\u00a0\u00bb global_colors_info=\u00a0\u00bb{}\u00a0\u00bb][et_pb_row _builder_version=\u00a0\u00bb4.24.2&Prime; _module_preset=\u00a0\u00bbdefault\u00a0\u00bb background_color=\u00a0\u00bbrgba(190,244,202,0.95)\u00a0\u00bb custom_padding=\u00a0\u00bb||||false|false\u00a0\u00bb global_colors_info=\u00a0\u00bb{}\u00a0\u00bb][et_pb_column type=\u00a0\u00bb4_4&Prime; _builder_version=\u00a0\u00bb4.24.2&Prime; _module_preset=\u00a0\u00bbdefault\u00a0\u00bb global_colors_info=\u00a0\u00bb{}\u00a0\u00bb][et_pb_image src=\u00a0\u00bbhttp:\/\/chemins.ovh\/wp-content\/uploads\/2025\/10\/Villeret-dApcher.jpg\u00a0\u00bb title_text=\u00a0\u00bbVilleret d&rsquo;Apcher\u00a0\u00bb _builder_version=\u00a0\u00bb4.24.2&Prime; _module_preset=\u00a0\u00bbdefault\u00a0\u00bb background_color=\u00a0\u00bbrgba(190,244,202,0.95)\u00a0\u00bb custom_margin=\u00a0\u00bb-20px||||false|false\u00a0\u00bb global_colors_info=\u00a0\u00bb{}\u00a0\u00bb][\/et_pb_image][et_pb_text _builder_version=\u00a0\u00bb4.24.2&Prime; _module_preset=\u00a0\u00bbdefault\u00a0\u00bb background_color=\u00a0\u00bbrgba(190,244,202,0.95)\u00a0\u00bb custom_margin=\u00a0\u00bb-10px||-40px||false|false\u00a0\u00bb border_radii=\u00a0\u00bbon|1px|1px|1px|1px\u00a0\u00bb border_width_all=\u00a0\u00bb1px\u00a0\u00bb border_color_all=\u00a0\u00bb#000000&Prime; box_shadow_style=\u00a0\u00bbpreset2&Prime; global_colors_info=\u00a0\u00bb{}\u00a0\u00bb]<\/p>\n<h1 style=\"text-align: center;\"><strong>Vendredi 21 Mai 2010<\/strong><\/h1>\n<p>[\/et_pb_text][\/et_pb_column][\/et_pb_row][\/et_pb_section][et_pb_section fb_built=\u00a0\u00bb1&Prime; _builder_version=\u00a0\u00bb4.24.2&Prime; _module_preset=\u00a0\u00bbdefault\u00a0\u00bb background_color=\u00a0\u00bbrgba(190,244,202,0.95)\u00a0\u00bb custom_margin=\u00a0\u00bb-80px||||false|false\u00a0\u00bb global_colors_info=\u00a0\u00bb{}\u00a0\u00bb][et_pb_row column_structure=\u00a0\u00bb1_3,2_3&Prime; _builder_version=\u00a0\u00bb4.24.2&Prime; _module_preset=\u00a0\u00bbdefault\u00a0\u00bb background_color=\u00a0\u00bbrgba(190,244,202,0.95)\u00a0\u00bb width=\u00a0\u00bb100%\u00a0\u00bb max_width=\u00a0\u00bb1080px\u00a0\u00bb global_colors_info=\u00a0\u00bb{}\u00a0\u00bb][et_pb_column type=\u00a0\u00bb1_3&Prime; _builder_version=\u00a0\u00bb4.24.2&Prime; _module_preset=\u00a0\u00bbdefault\u00a0\u00bb global_colors_info=\u00a0\u00bb{}\u00a0\u00bb][et_pb_gallery gallery_ids=\u00a0\u00bb433,434,435,436,437,438,439,440,441,442,443,444,445,446,447,448,449,450&Prime; posts_number=\u00a0\u00bb18&Prime; db_images_per_row=\u00a0\u00bb2&Prime; db_image_max_width=\u00a0\u00bb80%\u00a0\u00bb db_image_max_height=\u00a0\u00bb100%\u00a0\u00bb db_image_row_spacing=\u00a0\u00bb0&Prime; dbdb_version=\u00a0\u00bb4.3.5&Prime; show_pagination=\u00a0\u00bboff\u00a0\u00bb _builder_version=\u00a0\u00bb4.24.2&Prime; _module_preset=\u00a0\u00bbdefault\u00a0\u00bb title_font_size=\u00a0\u00bb12px\u00a0\u00bb background_color=\u00a0\u00bbrgba(190,244,202,0.95)\u00a0\u00bb module_alignment=\u00a0\u00bbcenter\u00a0\u00bb custom_margin=\u00a0\u00bb2px|||2px|false|false\u00a0\u00bb custom_padding=\u00a0\u00bb||||false|false\u00a0\u00bb box_shadow_style_image=\u00a0\u00bbpreset2&Prime; global_colors_info=\u00a0\u00bb{}\u00a0\u00bb][\/et_pb_gallery][\/et_pb_column][et_pb_column type=\u00a0\u00bb2_3&Prime; _builder_version=\u00a0\u00bb4.24.2&Prime; _module_preset=\u00a0\u00bbdefault\u00a0\u00bb global_colors_info=\u00a0\u00bb{}\u00a0\u00bb][et_pb_text admin_label=\u00a0\u00bb\u00e9tape\u00a0\u00bb _builder_version=\u00a0\u00bb4.24.2&Prime; _module_preset=\u00a0\u00bbdefault\u00a0\u00bb background_color=\u00a0\u00bbrgba(190,244,202,0.95)\u00a0\u00bb border_radii=\u00a0\u00bbon|1px|1px|1px|1px\u00a0\u00bb border_width_all=\u00a0\u00bb1px\u00a0\u00bb box_shadow_style=\u00a0\u00bbpreset2&Prime; global_colors_info=\u00a0\u00bb{}\u00a0\u00bb]<\/p>\n<h1 style=\"text-align: center;\">\u00a0<\/h1>\n<h1 style=\"text-align: center;\"><strong>\u00a03\u00e8me \u00e9tape Villeret d&rsquo;Apcher<\/strong><\/h1>\n<p>[\/et_pb_text][et_pb_text admin_label=\u00a0\u00bbVilleret d&rsquo;Apcher\u00a0\u00bb _builder_version=\u00a0\u00bb4.24.2&Prime; _module_preset=\u00a0\u00bbdefault\u00a0\u00bb text_font=\u00a0\u00bb|600|||||||\u00a0\u00bb text_text_color=\u00a0\u00bb#000000&Prime; text_font_size=\u00a0\u00bb16px\u00a0\u00bb background_color=\u00a0\u00bbrgba(190,244,202,0.95)\u00a0\u00bb text_orientation=\u00a0\u00bbjustified\u00a0\u00bb custom_margin=\u00a0\u00bb||||false|false\u00a0\u00bb custom_padding=\u00a0\u00bb10px|10px|10px|10px|false|false\u00a0\u00bb border_radii=\u00a0\u00bbon|1px|1px|1px|1px\u00a0\u00bb border_width_all=\u00a0\u00bb1px\u00a0\u00bb border_color_all=\u00a0\u00bb#000000&Prime; box_shadow_style=\u00a0\u00bbpreset2&Prime; global_colors_info=\u00a0\u00bb{}\u00a0\u00bb]<\/p>\n<p>Vendredi 21 Mai 2010<\/p>\n<p>Kilom\u00e9trage : 15 kms\u00a0\u00a0\u00a03\u00e8me \u00e9tape De Saugues \u00e0 Villeret d&rsquo;Apcher<\/p>\n<p>H\u00e9bergement : Auberge des 2 p\u00e8lerins \u00e0 Villeret d&rsquo;Apcher<\/p>\n<p>D\u00e9part de Saugues \u00e0 8 H 40, notre g\u00eete \u00e9tant \u00e0 la sortie de Saugues, \u00a0nous sommes de suite sur le chemin pr\u00e8s de la statue de St Jacques qui nous montre le chemin. Il faut monter pour sortir de la ville par un chemin de terre qui m\u00e8ne au Pinet, 3,5 kms de grimpette.<\/p>\n<p>Du Pinet ,belle vue sur Saugues, dommage qu&rsquo;il y ait une l\u00e9g\u00e8re brume. Au Pinet, devant une maison, une tr\u00e8s grosse coquille St Jacques taill\u00e9e dans le bois. Nous marchons en for\u00eat de sapins, La suissesse rencontr\u00e9e \u00e0 La Cabourne qui est en r\u00e9alit\u00e9 une croate habitant la suisse, nous rejoint et nous faisons un bout de chemin avec elle.<\/p>\n<p>Nous descendons sur La Clauze, un petit hameau. Au passage une tour perch\u00e9e sur un bloc de granit, seul vestige d\u2019un ch\u00e2teau \u00e9difi\u00e9 durant la seconde moiti\u00e9 du XIIe et qui joua un r\u00f4le important durant la guerre de 100 ans et les guerres de religion. Egalement la maison des assembl\u00e9es datant de 1835 avec sa cloche intacte.<\/p>\n<p>Puis direction Chanaleilles par une route moins agr\u00e9able. Arr\u00eat au hameau du Falzet, un panneau indique une ferme o\u00f9 l\u2019on peut se restaurer. A l\u2019arri\u00e8re, une aire de pique-nique o\u00f9 nous retrouvons beaucoup de p\u00e8lerins d\u00e9j\u00e0 rencontr\u00e9s qui d\u00e9gustent le fromage et les yaourts de la fermi\u00e8re. Maryse et Mireille nous confirment qu\u2019ils sont d\u00e9licieux, nous faisons donc notre repas avec du pain du fromage et des yaourts. Nous ne sommes pas press\u00e9s car aujourd\u2019hui notre \u00e9tape est tr\u00e8s courte, nous n\u2019avons plus beaucoup de chemin \u00e0 faire, et nous arrivons \u00e0 13h30 \u00e0 Villeret d\u2019Apcher, au g\u00eete des 2 P\u00e8lerins. Jean Louis et Lucette, anciens p\u00e8lerins nous accueillent avec le caf\u00e9 et la tarte aux pommes. Nous discutons un peu avec eux, un couple d\u00e9j\u00e0 rencontr\u00e9 s\u2019est arr\u00eat\u00e9, la dame a rejoint son mari, elle a abandonn\u00e9 la marche mais lui continue. Ils prennent un caf\u00e9 et mangent aussi la tarte aux pommes.<\/p>\n<p>Nos h\u00f4tes nous chantent la chanson du p\u00e8lerin. IL faut dire que les propri\u00e9taires de ce g\u00eete font tous les deux partis d\u2019une chorale et aiment chanter. \u00a0Jean Louis nous dessine le tampon sur notre cr\u00e9anciale et nous nous installons dans notre chambre. Chambre \u00e0 deux lits, wc et douche dans la chambre. Apr\u00e8s un brin de toilette, tour dans le village, une source a disparu bouch\u00e9e lors de travaux, maison des assembl\u00e9es qui sert encore de salle de r\u00e9union, un travail qui est un appareil ancien \u00e0 ferrer les b\u0153ufs. La visite est rapide. Soir\u00e9e agr\u00e9able avec 3 bretons et 1 irlandais, Jean Louis nous apprend la chanson du p\u00e8lerin. Impression de la journ\u00e9e : Petite\u00a0 \u00e9tape, courte mais agr\u00e9able avec cet arr\u00eat \u00e0 la ferme. G\u00eete tr\u00e8s correct, encore en cours de finition, tr\u00e8s bon accueil et bonne ambiance.<\/p>\n<p>[\/et_pb_text][et_pb_gallery gallery_ids=\u00a0\u00bb458,457,456,455,454,453,452,451&Prime; posts_number=\u00a0\u00bb8&Prime; db_images_per_row=\u00a0\u00bb4&Prime; db_image_max_width=\u00a0\u00bb80%\u00a0\u00bb db_image_max_height=\u00a0\u00bb100%\u00a0\u00bb db_image_row_spacing=\u00a0\u00bb0&Prime; dbdb_version=\u00a0\u00bb4.3.5&Prime; show_pagination=\u00a0\u00bboff\u00a0\u00bb _builder_version=\u00a0\u00bb4.24.2&Prime; _module_preset=\u00a0\u00bbdefault\u00a0\u00bb title_font_size=\u00a0\u00bb12px\u00a0\u00bb module_alignment=\u00a0\u00bbcenter\u00a0\u00bb custom_margin=\u00a0\u00bb2px|||2px|false|false\u00a0\u00bb custom_padding=\u00a0\u00bb||||false|false\u00a0\u00bb border_color_all=\u00a0\u00bb#000000&Prime; box_shadow_style_image=\u00a0\u00bbpreset2&Prime; global_colors_info=\u00a0\u00bb{}\u00a0\u00bb][\/et_pb_gallery][\/et_pb_column][\/et_pb_row][\/et_pb_section]<\/p>\n","protected":false},"excerpt":{"rendered":"<p>Vendredi 21 Mai 2010\u00a0 \u00a03\u00e8me \u00e9tape Villeret d&rsquo;ApcherVendredi 21 Mai 2010 Kilom\u00e9trage : 15 kms\u00a0\u00a0\u00a03\u00e8me \u00e9tape De Saugues \u00e0 Villeret d&rsquo;Apcher H\u00e9bergement : Auberge des 2 p\u00e8lerins \u00e0 Villeret d&rsquo;Apcher D\u00e9part de Saugues \u00e0 8 H 40, notre g\u00eete \u00e9tant \u00e0 la sortie de Saugues, \u00a0nous sommes de suite sur le chemin pr\u00e8s de la [&hellip;]<\/p>\n","protected":false},"author":1,"featured_media":0,"parent":0,"menu_order":0,"comment_status":"closed","ping_status":"closed","template":"","meta":{"_et_pb_use_builder":"on","_et_pb_old_content":"","_et_gb_content_width":"","footnotes":""},"class_list":["post-426","page","type-page","status-publish","hentry"],"_links":{"self":[{"href":"https:\/\/chemins.ovh\/index.php?rest_route=\/wp\/v2\/pages\/426","targetHints":{"allow":["GET"]}}],"collection":[{"href":"https:\/\/chemins.ovh\/index.php?rest_route=\/wp\/v2\/pages"}],"about":[{"href":"https:\/\/chemins.ovh\/index.php?rest_route=\/wp\/v2\/types\/page"}],"author":[{"embeddable":true,"href":"https:\/\/chemins.ovh\/index.php?rest_route=\/wp\/v2\/users\/1"}],"replies":[{"embeddable":true,"href":"https:\/\/chemins.ovh\/index.php?rest_route=%2Fwp%2Fv2%2Fcomments&post=426"}],"version-history":[{"count":12,"href":"https:\/\/chemins.ovh\/index.php?rest_route=\/wp\/v2\/pages\/426\/revisions"}],"predecessor-version":[{"id":1395,"href":"https:\/\/chemins.ovh\/index.php?rest_route=\/wp\/v2\/pages\/426\/revisions\/1395"}],"wp:attachment":[{"href":"https:\/\/chemins.ovh\/index.php?rest_route=%2Fwp%2Fv2%2Fmedia&parent=426"}],"curies":[{"name":"wp","href":"https:\/\/api.w.org\/{rel}","templated":true}]}}